{"id":320,"date":"2021-03-03T21:31:48","date_gmt":"2021-03-03T21:31:48","guid":{"rendered":"https:\/\/ebralavi.com\/tusabogadoslaborales\/firm-single-david\/"},"modified":"2025-04-28T13:10:13","modified_gmt":"2025-04-28T13:10:13","slug":"firm-davidlavi","status":"publish","type":"page","link":"https:\/\/ebralavi.com\/tusabogadoslaborales\/firm-davidlavi\/","title":{"rendered":"David Lavi"},"content":{"rendered":"<div class=\"meetDoc\">\r\n    <div class=\"container\">\r\n    \t\t        <div class=\"doca\">\r\n\t            <div class=\"row\">\r\n\t                <div class=\"col55 wow fadeInLeft\">\r\n\t                    <a href=\"\" class=\"reg-staff-image\">\r\n\t                        <div class=\"meetd\" style=\"background-image: url(\/wp-content\/uploads\/2025\/04\/david-img-scaled-1-e1700145866566.jpg)\"><\/div>\r\n\t                    <\/a>\r\n\t                <\/div>\r\n\t                <div class=\"col55 wow fadeInRight\">\r\n\t                    <h2> David Lavi, Esq. <\/h2>\r\n\t                    <h4>  <\/h4>\r\n\t                    <p>Mr. Lavi representa a empleados que han sido despedidos injustamente por sus empleadores y que han sido despojados de los salarios que tanto les cost\u00f3 ganar en litigios de salario y horas. David maneja todo tipo de asuntos laborales y de empleo, incluyendo <strong>discriminaci\u00f3n, acoso sexual, salario y horas, licencia m\u00e9dica y por discapacidad, discriminaci\u00f3n por embarazo, salarios prevalecientes y despido injustificado<\/strong>. Como firme creyente de que los empleadores deben rendir cuentas a sus empleados por su crecimiento corporativo, el Sr. Lavi, como abogado litigante, buscar\u00e1 todos los remedios disponibles para sus clientes. El Sr. Lavi es el socio director de la divisi\u00f3n de Salario y Horas de E&#038;L, LLP, quienes representan rutinariamente a empleadores en acciones colectivas y representativas de salario y horas.<\/p>\n<p>La presencia del Sr. Lavi en la sala de audiencias es cautivadora. Es v\u00edvido, asegur\u00e1ndose no solo de que los miembros del jurado comprendan a su cliente, sino tambi\u00e9n los argumentos legales que marcan la diferencia en cada caso.<\/p>\n<h4><strong>Afiliaciones<\/strong><\/h4>\n<p>David es miembro de la Secci\u00f3n de Derecho de Familia del Colegio de Abogados del Estado de California. Tambi\u00e9n, es un miembro activo de la Asociaci\u00f3n Americana de Abogados, la Asociaci\u00f3n de Abogados de Beverly Hills y la Asociaci\u00f3n de Abogados del Condado de Los \u00c1ngeles.<\/p>\n<h4><strong>Participaci\u00f3n Comunitaria<\/strong><\/h4>\n<ul class=\"david-education license mainColor\">\n<li>Juez, American Mock Trial Association, UCLA SSIC en UCLA Anderson School of Management<u><\/u><u><\/u><\/li>\n<li>Juez, American Mock Trial Association, Inaugural Paradise Invitational en el Palacio de Justicia de Santa B\u00e1rbara<\/li>\n<\/ul>\n\t                    \t                <\/div>\r\n\t            <\/div>\r\n\t        <\/div>\r\n\t        <\/div>\r\n<\/div>\n","protected":false},"excerpt":{"rendered":"","protected":false},"author":1,"featured_media":0,"parent":0,"menu_order":0,"comment_status":"closed","ping_status":"closed","template":"","meta":{"footnotes":""},"class_list":["post-320","page","type-page","status-publish","hentry"],"_links":{"self":[{"href":"https:\/\/ebralavi.com\/tusabogadoslaborales\/wp-json\/wp\/v2\/pages\/320","targetHints":{"allow":["GET"]}}],"collection":[{"href":"https:\/\/ebralavi.com\/tusabogadoslaborales\/wp-json\/wp\/v2\/pages"}],"about":[{"href":"https:\/\/ebralavi.com\/tusabogadoslaborales\/wp-json\/wp\/v2\/types\/page"}],"author":[{"embeddable":true,"href":"https:\/\/ebralavi.com\/tusabogadoslaborales\/wp-json\/wp\/v2\/users\/1"}],"replies":[{"embeddable":true,"href":"https:\/\/ebralavi.com\/tusabogadoslaborales\/wp-json\/wp\/v2\/comments?post=320"}],"version-history":[{"count":5,"href":"https:\/\/ebralavi.com\/tusabogadoslaborales\/wp-json\/wp\/v2\/pages\/320\/revisions"}],"predecessor-version":[{"id":1058,"href":"https:\/\/ebralavi.com\/tusabogadoslaborales\/wp-json\/wp\/v2\/pages\/320\/revisions\/1058"}],"wp:attachment":[{"href":"https:\/\/ebralavi.com\/tusabogadoslaborales\/wp-json\/wp\/v2\/media?parent=320"}],"curies":[{"name":"wp","href":"https:\/\/api.w.org\/{rel}","templated":true}]}}