{"id":304,"date":"2021-03-03T20:42:43","date_gmt":"2021-03-03T20:42:43","guid":{"rendered":"https:\/\/ebralavi.com\/tusabogadoslaborales\/leaves_of_absence\/"},"modified":"2025-05-06T16:08:06","modified_gmt":"2025-05-06T16:08:06","slug":"leaves-of-absence","status":"publish","type":"page","link":"https:\/\/ebralavi.com\/tusabogadoslaborales\/employment-law-attorney\/leaves-of-absence\/","title":{"rendered":"Permisos de ausencia"},"content":{"rendered":"<section class=\"firm-text-content\">\n<div class=\"container\">\n<div class=\"row fcenter\">\n<div class=\"col-12 col-md-6\">\n<div class=\"best-service-heading\"><img loading=\"lazy\" decoding=\"async\" class=\"alignnone wp-image-470 size-full\" src=\"https:\/\/ebralavi.com\/tusabogadoslaborales\/wp-content\/uploads\/2021\/06\/Leaves-of-Absence.jpg\" alt=\"Abogados de Adaptaciones Laborales en Beverly Hills\" width=\"1200\" height=\"630\" srcset=\"https:\/\/ebralavi.com\/tusabogadoslaborales\/wp-content\/uploads\/2021\/06\/Leaves-of-Absence.jpg 1200w, https:\/\/ebralavi.com\/tusabogadoslaborales\/wp-content\/uploads\/2021\/06\/Leaves-of-Absence-300x158.jpg 300w, https:\/\/ebralavi.com\/tusabogadoslaborales\/wp-content\/uploads\/2021\/06\/Leaves-of-Absence-1024x538.jpg 1024w, https:\/\/ebralavi.com\/tusabogadoslaborales\/wp-content\/uploads\/2021\/06\/Leaves-of-Absence-768x403.jpg 768w\" sizes=\"auto, (max-width: 1200px) 100vw, 1200px\" \/><\/div>\n<\/div>\n<div class=\"col-12 col-md-6\">\n<div class=\"firm-text-content-right\"><\/div>\n<\/div>\n<div class=\"col-12\">\n<div class=\"team-text-content-left\">\n<h1><strong><b>Abogados Principales de Permisos de Ausencia y Otras Adaptaciones Laborales<\/b><\/strong><\/h1>\n<p>En <strong><a href=\"https:\/\/www.google.com\/maps?cid=7806570807902756572\">E&amp;L, LLP<\/a><\/strong>, nuestros <a href=\"\/employment-law-attorney-beverly-hills\/\">abogados de derecho laboral<\/a> entienden que cuando los empleados deben ausentarse del trabajo por <strong>motivos personales, familiares o m\u00e9dicos<\/strong>, no deber\u00edan preocuparse por perder su puesto o empleo mientras est\u00e9n fuera.<\/p>\n<p>En <a href=\"https:\/\/www.ca.gov\/\"><u>California<\/u><\/a>, los empleados tienen derecho a tomarse una licencia prolongada del trabajo, ya sea por unos d\u00edas o unos meses, gracias a las leyes estatales y federales que los protegen en ciertas circunstancias. Las dos protecciones m\u00e1s notables para nuestros residentes incluyen la <strong><u>California Family Rights Act<\/u> (CFRA) y la <a href=\"https:\/\/www.dol.gov\/agencies\/whd\/laws-and-regulations\/laws\/fmla\"><u>Family and Medical Leave Act de 1993<\/u><\/a> (FMLA)<\/strong>, que proporcionan a los empleados el derecho de tomarse un tiempo fuera del trabajo, y la protecci\u00f3n de regresar en una capacidad similar, si no en el mismo puesto.<\/p>\n<p>Si se le ha negado el derecho a tomarse un permiso de ausencia al que legalmente tiene derecho, es posible que est\u00e9n violando sus derechos laborales. Comun\u00edquese hoy mismo con nuestros abogados de derecho laboral en <strong>E&amp;L, LLP<\/strong> para analizar sus circunstancias \u00fanicas y c\u00f3mo pueden estar protegidas por nuestras leyes, para que pueda obtener el tiempo libre al que tiene derecho.<\/p>\n<h4><strong><b><span style=\"color: #800000;\">\u00bfQu\u00e9 Cubre la Ley de Licencia M\u00e9dica y Familiar en California?<\/b><\/strong><\/span><\/h4>\n<p>Tanto la FMLA como la CFRA proporcionan protecciones similares, desde el punto de vista federal y estatal, respectivamente.<\/p>\n<ul>\n<li>Ambas otorgan a ciertos empleados <strong>el derecho de tomarse hasta 12 semanas de licencia laboral<\/strong> por razones relacionadas con su salud o la de un familiar cercano.<\/li>\n<li>Ambas permiten a los empleados <strong>tomarse tiempo libre despu\u00e9s del nacimiento o adopci\u00f3n de un hijo<\/strong> para crear un v\u00ednculo con el beb\u00e9.<\/li>\n<\/ul>\n<p>Desafortunadamente, las licencias de la FMLA y la CFRA no est\u00e1n disponibles para todos los empleados. Estas protecciones est\u00e1n reservadas para empleados que trabajen para un <strong>empleador con 50 o m\u00e1s empleados, y dentro de un radio de setenta y cinco millas del sitio de trabajo del empleado<\/strong>. Tambi\u00e9n aplican otros factores de elegibilidad antes de que estas protecciones est\u00e9n disponibles. Un empleado elegible debe haber trabajado para su empleador <strong>por un a\u00f1o o m\u00e1s y haber completado m\u00e1s de 1,250 horas de trabajo<\/strong> en el \u00faltimo a\u00f1o.<\/p>\n<h4><span style=\"color: #800000;\"><strong><b>\u00bfEst\u00e1 Protegida la Licencia Como Acomodaci\u00f3n Razonable para una Discapacidad en California?<\/b><\/strong><\/span><\/h4>\n<p>Si un empleado necesita m\u00e1s tiempo fuera del trabajo de lo que permite la FMLA o la CFRA, tiene derecho a solicitar un permiso de ausencia como una acomodaci\u00f3n razonable para su discapacidad.<\/p>\n<p>El empleador est\u00e1 obligado a conceder dicho permiso si:<\/p>\n<ul>\n<li>La licencia probablemente aurotizar\u00e1 al empleado <strong>regresar al trabajo posteriormente<\/strong>.<\/li>\n<li>La licencia <strong>no crea una carga excesiva<\/strong> para el empleador.<\/li>\n<\/ul>\n<p>Si no est\u00e1 seguro de qu\u00e9 protecciones de permisos de ausencia est\u00e1n disponibles para usted o cree que le est\u00e1n negando el tiempo libre al que tiene derecho, comun\u00edquese hoy mismo con nuestros experimentados abogados de derecho laboral para programar una consulta gratuita.<\/p>\n<h4><span style=\"color: #800000;\"><strong><b>\u00bfEs el Embarazo una Raz\u00f3n V\u00e1lida para Tomar una Licencia de Ausencia en California?<\/b><\/strong><\/span><\/h4>\n<p>Existen dos tipos de protecciones para empleadas embarazadas en California.<\/p>\n<p>Primero, las empleadas embarazadas elegibles que califican para la FMLA tienen derecho a la <strong>licencia de ausencia<\/strong> requerida durante el per\u00edodo en que est\u00e9n discapacitadas debido al embarazo.<\/p>\n<p>Adem\u00e1s, las empleadas embarazadas en California tambi\u00e9n tienen derecho a <strong>tomarse hasta cuatro meses de licencia sin goce de sueldo y con protecci\u00f3n laboral<\/strong> mientras est\u00e9n discapacitadas por embarazo o parto, si trabajan para un empleador con cinco o m\u00e1s empleados.<\/p>\n<h4><span style=\"color: #800000;\"><strong><b>\u00bfQu\u00e9 Otros Tipos de Licencias de Ausencia para Empleados Existen en California?<\/b><\/strong><\/span><\/h4>\n<p>En California, diferentes circunstancias permiten licencias de ausencia para empleados cuando el empleador, el n\u00famero de horas trabajadas y el prop\u00f3sito est\u00e1n cubiertos por nuestras leyes estatales y federales.<\/p>\n<p>Algunas licencias protegidas en California incluyen:<\/p>\n<ul>\n<li><strong><b>Licencia para Votar: <\/b><\/strong>Los empleados pueden tomarse <strong>dos horas de licencia pagada<\/strong> al comienzo o al final de su turno para votar el d\u00eda de las elecciones.<\/li>\n<\/ul>\n<ul>\n<li><strong><b>Licencia por Deber de Jurado: <\/b><\/strong>Los empleadores deben permitir que los empleados <strong>cumplan con su responsabilidad c\u00edvica<\/strong> de servir en un jurado.<\/li>\n<\/ul>\n<ul>\n<li><strong><b>Licencia por Donaci\u00f3n de \u00d3rganos: <\/b><\/strong>La mayor\u00eda de los empleadores en California deben otorgar tiempo libre pagado cuando los empleados <strong>donan m\u00e9dula \u00f3sea o un \u00f3rgano<\/strong>.<\/li>\n<\/ul>\n<ul>\n<li><strong><b>Licencia para Actividades Escolares: <\/b><\/strong>Los lugares de trabajo con al menos 25 empleados deben conceder tiempo libre a los empleados para <strong>asistir a actividades escolares, hasta 40 horas al a\u00f1o<\/strong>, pero no m\u00e1s de ocho horas en un solo mes calendario.<\/li>\n<\/ul>\n<ul>\n<li><strong><b>Licencia por Familia Militar: <\/b><\/strong>La mayor\u00eda de los empleados son elegibles para tiempo libre <strong>para pasar con un c\u00f3nyuge militar<\/strong> que ser\u00e1 desplegado.<\/li>\n<\/ul>\n<ul>\n<li><strong><b>Licencia por Violencia Dom\u00e9stica: <\/b><\/strong>Los empleados en California que hayan sido v\u00edctimas de violencia dom\u00e9stica pueden tomarse tiempo libre para obtener una orden de protecci\u00f3n, alivio judicial o asistir a la corte. La mayor\u00eda de los empleados tambi\u00e9n pueden tomar licencia para <strong>tratamiento m\u00e9dico, consejer\u00eda y otras necesidades relacionadas con la violencia dom\u00e9stica<\/strong>.<\/li>\n<\/ul>\n<h1><strong><b>Contacte a Nuestros Experimentados Abogados de Derecho Laboral Para una Consulta Gratuita Hoy<\/b><\/strong><\/h1>\n<p>Si cree que se le ha negado ilegalmente una licencia de ausencia a la que tiene derecho por ley, <a href=\"https:\/\/ebralavi.com\/tusabogadoslaborales\/contact\/\">cont\u00e1ctenos<\/a> hoy mismo en <strong><a href=\"https:\/\/www.google.com\/maps?cid=7806570807902756572\">E&amp;L, LLP<\/a><\/strong> llamando al <a href=\"tel:2132130000\">(213) 213-0000<\/a> para programar una evaluaci\u00f3n gratuita de su caso y consulta.<\/p>\n<p><strong>\u00a1No paga hasta que ganemos! Esa es nuestra garant\u00eda.<\/strong><\/p>\n<\/div>\n<\/div>\n<\/div>\n<\/div>\n<p><!--container end--><\/p>\n<\/section>\n","protected":false},"excerpt":{"rendered":"<p>Abogados Principales de Permisos de Ausencia y Otras Adaptaciones Laborales En E&amp;L, LLP, nuestros abogados de derecho laboral entienden que cuando los empleados deben ausentarse del trabajo por motivos personales, familiares o m\u00e9dicos, no deber\u00edan preocuparse por perder su puesto o empleo mientras est\u00e9n fuera. En California, los empleados tienen derecho a tomarse una licencia prolongada del trabajo, ya sea por unos d\u00edas o unos meses, gracias a las leyes estatales y federales que los protegen en ciertas circunstancias. Las dos protecciones m\u00e1s notables para nuestros residentes incluyen la California Family Rights Act (CFRA) y la Family and Medical Leave <\/p>\n","protected":false},"author":1,"featured_media":0,"parent":277,"menu_order":0,"comment_status":"closed","ping_status":"closed","template":"","meta":{"footnotes":""},"class_list":["post-304","page","type-page","status-publish","hentry"],"_links":{"self":[{"href":"https:\/\/ebralavi.com\/tusabogadoslaborales\/wp-json\/wp\/v2\/pages\/304","targetHints":{"allow":["GET"]}}],"collection":[{"href":"https:\/\/ebralavi.com\/tusabogadoslaborales\/wp-json\/wp\/v2\/pages"}],"about":[{"href":"https:\/\/ebralavi.com\/tusabogadoslaborales\/wp-json\/wp\/v2\/types\/page"}],"author":[{"embeddable":true,"href":"https:\/\/ebralavi.com\/tusabogadoslaborales\/wp-json\/wp\/v2\/users\/1"}],"replies":[{"embeddable":true,"href":"https:\/\/ebralavi.com\/tusabogadoslaborales\/wp-json\/wp\/v2\/comments?post=304"}],"version-history":[{"count":2,"href":"https:\/\/ebralavi.com\/tusabogadoslaborales\/wp-json\/wp\/v2\/pages\/304\/revisions"}],"predecessor-version":[{"id":1646,"href":"https:\/\/ebralavi.com\/tusabogadoslaborales\/wp-json\/wp\/v2\/pages\/304\/revisions\/1646"}],"up":[{"embeddable":true,"href":"https:\/\/ebralavi.com\/tusabogadoslaborales\/wp-json\/wp\/v2\/pages\/277"}],"wp:attachment":[{"href":"https:\/\/ebralavi.com\/tusabogadoslaborales\/wp-json\/wp\/v2\/media?parent=304"}],"curies":[{"name":"wp","href":"https:\/\/api.w.org\/{rel}","templated":true}]}}