{"id":1334,"date":"2025-02-06T17:36:09","date_gmt":"2025-02-06T17:36:09","guid":{"rendered":"https:\/\/tusabogadoslaboral.com\/?page_id=1334"},"modified":"2025-04-30T09:43:18","modified_gmt":"2025-04-30T09:43:18","slug":"what-are-the-signs-that-you-need-a-workers-compensation-lawyer","status":"publish","type":"page","link":"https:\/\/ebralavi.com\/tusabogadoslaborales\/what-are-the-signs-that-you-need-a-workers-compensation-lawyer\/","title":{"rendered":"\u00bfCu\u00e1les son las se\u00f1ales de que necesita un abogado de compensaci\u00f3n laboral?"},"content":{"rendered":"<div class=\"dm-service-section \"><div class=\"dm-container\"><div class=\"dm-flex\">\n<div class=\"dm-full wow fadeInRight\">\n<p><span>Lesionarse en el trabajo puede parecer una situaci\u00f3n sencilla: reporta la lesi\u00f3n, presenta una reclamaci\u00f3n de compensaci\u00f3n laboral y se enfoca en la recuperaci\u00f3n. Lamentablemente, el proceso de recibir los beneficios de compensaci\u00f3n laboral puede ser mucho m\u00e1s complicado. Muchos empleados se encuentran luchando para recuperar la compensaci\u00f3n total que se les debe, enfrentando obst\u00e1culos por parte de empleadores o compa\u00f1\u00edas de seguros.<\/span><\/p>\n<p><span>Si est\u00e1 enfrentando desaf\u00edos con su reclamaci\u00f3n de compensaci\u00f3n laboral, consultar a un abogado experimentado en compensaci\u00f3n laboral puede marcar la diferencia. La orientaci\u00f3n legal temprana puede ayudarle a navegar por el proceso de manera efectiva y aumentar sus posibilidades de \u00e9xito.<\/span><\/p>\n<p style=\"text-align: center;\"><b>LLAME A NUESTROS ABOGADOS PARA UNA CONSULTA GRATUITA Y SIN OBLIGACI\u00d3N<\/b><b><br \/>\n<\/b><b>(213) 213-0000<\/b><\/p>\n<p><span>A continuaci\u00f3n, se presentan algunas se\u00f1ales clave de que puede necesitar contratar a un abogado de compensaci\u00f3n laboral:<\/span><\/p>\n<ol>\n<li><b> Ha sido diagnosticado con una enfermedad rara o compleja<\/b><\/li>\n<\/ol>\n<p><span>Si le han diagnosticado una enfermedad rara o inusual relacionada con su trabajo, convencer a la compa\u00f1\u00eda de seguros para que apruebe su reclamaci\u00f3n puede ser un desaf\u00edo significativo. Las condiciones m\u00e9dicas complejas a menudo requieren una documentaci\u00f3n extensa, historiales m\u00e9dicos y opiniones de expertos para probar su conexi\u00f3n con su trabajo.<\/span><\/p>\n<p><span>Un abogado de compensaci\u00f3n laboral puede ayudarlo a reunir la evidencia necesaria, incluidos los registros m\u00e9dicos y los testimonios de expertos, para presentar un caso s\u00f3lido para obtener los beneficios.<\/span><\/p>\n<ol start=\"2\">\n<li><b> No puede regresar al trabajo<\/b><\/li>\n<\/ol>\n<p><span>Si sus lesiones son tan graves que no puede regresar a su trabajo anterior, o a cualquier otro trabajo, es crucial contar con representaci\u00f3n legal. Las compa\u00f1\u00edas de seguros pueden intentar argumentar que usted es capaz de trabajar de alguna manera, incluso si sabe que esto no es cierto.<\/span><\/p>\n<p><span>Un abogado de compensaci\u00f3n laboral puede ayudarlo a construir un caso s\u00f3lido, asegur\u00e1ndose de que su incapacidad para trabajar est\u00e9 debidamente documentada y de que reciba los beneficios m\u00e1ximos disponibles.<\/span><\/p>\n<ol start=\"3\">\n<li><b> Su reclamaci\u00f3n de compensaci\u00f3n laboral ha sido denegada<\/b><\/li>\n<\/ol>\n<p><span>Muy pocas cosas son m\u00e1s frustrantes que tener su reclamaci\u00f3n de compensaci\u00f3n laboral denegada a pesar de haber presentado toda la documentaci\u00f3n requerida. La denegaci\u00f3n de una reclamaci\u00f3n puede parecer el final del camino, pero no tiene por qu\u00e9 ser as\u00ed.<\/span><\/p>\n<p><span>Un abogado experimentado puede ayudarlo a apelar la decisi\u00f3n, abordar los motivos de la denegaci\u00f3n y luchar por la compensaci\u00f3n que se merece. No se rinda: utilice esto como una oportunidad para consultar a un abogado que pueda guiarlo a trav\u00e9s del proceso de apelaci\u00f3n.<\/span><\/p>\n<ol start=\"4\">\n<li><b> Su empleador est\u00e1 tomando represalias contra usted<\/b><\/li>\n<\/ol>\n<p><span>Es ilegal que los empleadores tomen represalias contra los trabajadores que presentan reclamaciones leg\u00edtimas de compensaci\u00f3n laboral. Las represalias pueden incluir degradaciones, reducci\u00f3n de horas, ambientes laborales hostiles o incluso despidos.<\/span><\/p>\n<p><span>Si est\u00e1 enfrentando represalias, es esencial consultar a un abogado de compensaci\u00f3n laboral de inmediato. Ellos pueden ayudarlo a proteger sus derechos y, si es necesario, presentar una demanda legal separada contra su empleador.<\/span><\/p>\n<ol start=\"5\">\n<li><b> Est\u00e1 luchando por obtener los beneficios completos<\/b><\/li>\n<\/ol>\n<p><span>Incluso si su reclamaci\u00f3n es aprobada, la compa\u00f1\u00eda de seguros puede subvalorar sus beneficios. Esto puede incluir disputas sobre la extensi\u00f3n de sus lesiones, el costo de los tratamientos m\u00e9dicos o la duraci\u00f3n de su recuperaci\u00f3n.<\/span><\/p>\n<p><span>Un abogado de compensaci\u00f3n laboral puede negociar en su nombre para asegurarse de que sus beneficios cubran completamente sus gastos m\u00e9dicos, salarios perdidos y cualquier otro da\u00f1o al que tenga derecho.<\/span><\/p>\n<p style=\"text-align: center;\"><b>LLAME A NUESTROS ABOGADOS PARA UNA CONSULTA GRATUITA Y SIN OBLIGACI\u00d3N<\/b><b><br \/>\n<\/b><b>(213) 213-0000<\/b><\/p>\n<p><b>Preguntas Frecuentes<\/b><\/p>\n<p><b>\u00bfMi caso de compensaci\u00f3n laboral se resolver\u00e1?<\/b><\/p>\n<p><span>California tiene reglas estrictas que rigen las reclamaciones de compensaci\u00f3n laboral, pero incluso con estas regulaciones, los casos a veces pueden alargarse. Un abogado de compensaci\u00f3n laboral puede ayudarlo a presionar por un acuerdo justo, incluso si su caso enfrenta demoras o disputas.<\/span><\/p>\n<p><b>\u00bfQu\u00e9 pasa si mi reclamaci\u00f3n es denegada dos veces?<\/b><\/p>\n<p><span>Las denegaciones m\u00faltiples no significan el fin de su caso. Las reclamaciones de compensaci\u00f3n laboral a menudo se pueden apelar, pero navegar por el proceso puede ser complicado. Un abogado h\u00e1bil puede ayudarlo a abordar los problemas que llevaron a las denegaciones y trabajar para encontrar una soluci\u00f3n.<\/span><\/p>\n<p><b>\u00bfQu\u00e9 pasa si no puedo regresar al trabajo?<\/b><\/p>\n<p><span>Si su m\u00e9dico de compensaci\u00f3n laboral dice que est\u00e1 listo para regresar al trabajo, pero sus lesiones o dolor cuentan una historia diferente, necesitar\u00e1 abogar por s\u00ed mismo. Mantener una documentaci\u00f3n detallada de sus s\u00edntomas y buscar una segunda opini\u00f3n de su propio m\u00e9dico puede ayudar. Un abogado de compensaci\u00f3n laboral puede asistirlo para presentar su caso de manera efectiva.<\/span><\/p>\n<p><b>\u00bfQu\u00e9 evidencia respalda mi reclamaci\u00f3n?<\/b><\/p>\n<p><span>Los registros m\u00e9dicos son la base de la mayor\u00eda de las reclamaciones de compensaci\u00f3n laboral, pero la evidencia adicional puede fortalecer su caso. Mantenga un diario de sus s\u00edntomas, visitas al m\u00e9dico y cualquier desaf\u00edo que enfrente en su vida diaria. Un registro detallado puede ayudar a demostrar el impacto de su lesi\u00f3n o enfermedad.<\/span><\/p>\n<p><b>\u00bfD\u00f3nde debo empezar?<\/b><\/p>\n<p><span>Si reconoce alguna de estas se\u00f1ales, es hora de consultar a un abogado de compensaci\u00f3n laboral. En E&amp;L, LLP, nuestros abogados experimentados pueden ayudarlo a navegar por el proceso y luchar por los beneficios que se merece.<\/span><\/p>\n<p style=\"text-align: center;\"><b>LLAME A NUESTROS ABOGADOS PARA UNA CONSULTA GRATUITA Y SIN OBLIGACI\u00d3N<\/b><b><br \/>\n<\/b><b>(213) 213-0000<\/b><\/p>\n<p><b>\u00bfPor qu\u00e9 elegir E&amp;L, LLP?<\/b><\/p>\n<ul>\n<li><span>Sin costos iniciales: No paga nada a menos que ganemos su caso.<\/span><\/li>\n<li><span>Abogados experimentados: Nuestros abogados tienen un historial probado en el manejo de reclamaciones complejas de compensaci\u00f3n laboral.<\/span><\/li>\n<li><span>Apoyo personalizado: Nos comprometemos a comprender su situaci\u00f3n \u00fanica y luchar por el mejor resultado posible.<\/span><\/li>\n<\/ul>\n<p><span>No deje que una lesi\u00f3n en el trabajo descarrile su vida. Llame a E&amp;L, LLP hoy para una consulta gratuita y perm\u00edtanos ayudarlo a obtener la compensaci\u00f3n que le corresponde.<\/span><\/p>\n<p style=\"text-align: center;\"><b>LLAME A NUESTROS ABOGADOS PARA UNA CONSULTA GRATUITA Y SIN OBLIGACI\u00d3N<\/b><b><br \/>\n<\/b><b>(213) 213-0000<\/b><\/p>\n<p style=\"text-align: center;\">\n<p style=\"text-align: center;\"><b>NO RECIBIMOS PAGO HASTA QUE USTED RECIBA EL SUYO. ESA ES NUESTRA GARANT\u00cdA.<\/b><\/p>\n<\/div>\n<\/div><\/div><\/div>\n","protected":false},"excerpt":{"rendered":"","protected":false},"author":1,"featured_media":0,"parent":0,"menu_order":0,"comment_status":"closed","ping_status":"closed","template":"","meta":{"footnotes":""},"class_list":["post-1334","page","type-page","status-publish","hentry"],"_links":{"self":[{"href":"https:\/\/ebralavi.com\/tusabogadoslaborales\/wp-json\/wp\/v2\/pages\/1334","targetHints":{"allow":["GET"]}}],"collection":[{"href":"https:\/\/ebralavi.com\/tusabogadoslaborales\/wp-json\/wp\/v2\/pages"}],"about":[{"href":"https:\/\/ebralavi.com\/tusabogadoslaborales\/wp-json\/wp\/v2\/types\/page"}],"author":[{"embeddable":true,"href":"https:\/\/ebralavi.com\/tusabogadoslaborales\/wp-json\/wp\/v2\/users\/1"}],"replies":[{"embeddable":true,"href":"https:\/\/ebralavi.com\/tusabogadoslaborales\/wp-json\/wp\/v2\/comments?post=1334"}],"version-history":[{"count":2,"href":"https:\/\/ebralavi.com\/tusabogadoslaborales\/wp-json\/wp\/v2\/pages\/1334\/revisions"}],"predecessor-version":[{"id":1574,"href":"https:\/\/ebralavi.com\/tusabogadoslaborales\/wp-json\/wp\/v2\/pages\/1334\/revisions\/1574"}],"wp:attachment":[{"href":"https:\/\/ebralavi.com\/tusabogadoslaborales\/wp-json\/wp\/v2\/media?parent=1334"}],"curies":[{"name":"wp","href":"https:\/\/api.w.org\/{rel}","templated":true}]}}