{"id":1317,"date":"2025-02-06T17:11:53","date_gmt":"2025-02-06T17:11:53","guid":{"rendered":"https:\/\/tusabogadoslaboral.com\/?page_id=1317"},"modified":"2025-04-30T09:41:33","modified_gmt":"2025-04-30T09:41:33","slug":"types-of-workers-compensation-settlements","status":"publish","type":"page","link":"https:\/\/ebralavi.com\/tusabogadoslaborales\/types-of-workers-compensation-settlements\/","title":{"rendered":"Tipos de acuerdos de compensaci\u00f3n laboral"},"content":{"rendered":"<div class=\"dm-service-section \"><div class=\"dm-container\"><div class=\"dm-flex\">\n<div class=\"dm-full wow fadeInRight\">\n<p><span>Si ha sufrido una lesi\u00f3n o enfermedad en el trabajo, puede tener derecho a los beneficios de compensaci\u00f3n laboral a trav\u00e9s del proveedor de seguros de su empleador. Una vez que presente una reclamaci\u00f3n, puede aceptar la oferta de la compa\u00f1\u00eda de seguros y recibir pagos semanales o optar por un acuerdo de pago diferente. Esto puede implicar acudir a una audiencia donde un juez decida sobre la disputa o negociar un acuerdo con la compa\u00f1\u00eda de seguros.<\/span><\/p>\n<p style=\"text-align: center;\"><b>LLAME A NUESTROS ABOGADOS PARA UNA CONSULTA GRATUITA Y SIN OBLIGACI\u00d3N<\/b><b><br \/>\n<\/b><b>(213) 213-0000<\/b><\/p>\n<p><b>\u00bfCu\u00e1les Son los Tipos de Acuerdos de Compensaci\u00f3n Laboral?<\/b><\/p>\n<p><span>Si decide negociar un acuerdo, hay dos m\u00e9todos principales para recibir sus beneficios:<\/span><\/p>\n<ul>\n<li><span>Acuerdo de Pago \u00danico:<\/span><span><br \/>\n<\/span><span>Un pago \u00fanico que proporciona la cantidad total acordada por adelantado en lugar de recibir pagos semanales.<\/span><\/li>\n<li><span>Acuerdo Estructurado:<\/span><span><br \/>\n<\/span><span>Los pagos se distribuyen durante un per\u00edodo espec\u00edfico, proporcionando estabilidad financiera con pagos programados.<\/span><\/li>\n<\/ul>\n<p><b>\u00bfCu\u00e1les Son las Ventajas de Aceptar un Acuerdo?<\/b><\/p>\n<p><span>Existen varios beneficios potenciales al aceptar un acuerdo de compensaci\u00f3n laboral:<\/span><\/p>\n<ol>\n<li><span>Evitar los Riesgos del Juicio:<\/span><span><br \/>\n<\/span><span>Ir a juicio puede ser impredecible, y un juez podr\u00eda decidir que se le debe menos de lo que la compa\u00f1\u00eda de seguros ofrece.<\/span><\/li>\n<li><span>Opciones de Pago R\u00e1pido:<\/span><span><br \/>\n<\/span><span>En algunos estados, los pagos en suma global no est\u00e1n disponibles despu\u00e9s de un juicio. En su lugar, solo podr\u00eda recibir pagos semanales, incluso si se le otorga la compensaci\u00f3n.<\/span><\/li>\n<li><span>Resoluci\u00f3n M\u00e1s R\u00e1pida:<\/span><span><br \/>\n<\/span><span>Un acuerdo puede ahorrar tiempo al evitar el largo y estresante proceso de audiencias y apelaciones.<\/span><\/li>\n<li><span>Flexibilidad Financiera:<\/span><span><br \/>\n<\/span><span>La compa\u00f1\u00eda de seguros puede ofrecer una compensaci\u00f3n adicional a cambio de renunciar a los beneficios futuros, lo que puede proporcionar un alivio financiero inmediato.<\/span><\/li>\n<\/ol>\n<p><b>\u00bfCu\u00e1les Son las Desventajas de Aceptar un Acuerdo?<\/b><\/p>\n<p><span>Si bien los acuerdos pueden ser beneficiosos, tambi\u00e9n existen posibles inconvenientes:<\/span><\/p>\n<ol>\n<li><span>Riesgo para los Beneficios M\u00e9dicos Futuros:<\/span><span><br \/>\n<\/span><span>Aceptar un acuerdo puede requerir renunciar a su derecho a la cobertura de gastos m\u00e9dicos futuros. Si anticipa la necesidad de tratamientos costosos, como cirug\u00edas, medicaci\u00f3n o atenci\u00f3n continua, un acuerdo puede no ser lo mejor para usted.<\/span><\/li>\n<li><span>Mala Gesti\u00f3n Financiera:<\/span><span><br \/>\n<\/span><span>Un pago \u00fanico podr\u00eda ser tentador para gastar r\u00e1pidamente, dej\u00e1ndolo sin los fondos necesarios para cubrir los gastos futuros relacionados con su lesi\u00f3n o enfermedad.<\/span><\/li>\n<\/ol>\n<p><b>\u00bfDebe Aceptar un Acuerdo en una Reclamaci\u00f3n de Compensaci\u00f3n Laboral?<\/b><\/p>\n<p><span>Los acuerdos de compensaci\u00f3n laboral pueden ofrecer ventajas significativas en las circunstancias adecuadas. Sin embargo, tambi\u00e9n son complejos y tienen implicaciones a largo plazo. Es crucial considerar cuidadosamente sus necesidades actuales y futuras antes de tomar una decisi\u00f3n.<\/span><\/p>\n<p><span>Consultar con un abogado experimentado en compensaci\u00f3n laboral puede ayudarlo a tomar la decisi\u00f3n m\u00e1s informada. En E&amp;L, LLP, nuestros abogados lo guiar\u00e1n en cada paso del proceso para asegurarse de que reciba la compensaci\u00f3n que merece.<\/span><\/p>\n<p style=\"text-align: center;\"><b>LLAME A NUESTROS ABOGADOS PARA UNA CONSULTA GRATUITA Y SIN OBLIGACI\u00d3N<\/b><b><br \/>\n<\/b><b>(213) 213-0000<\/b><\/p>\n<p style=\"text-align: center;\"><b>NO RECIBIMOS PAGO HASTA QUE USTED RECIBA EL SUYO. ESA ES NUESTRA GARANT\u00cdA.<\/b><\/p>\n<\/div>\n<\/div><\/div><\/div>\n","protected":false},"excerpt":{"rendered":"","protected":false},"author":1,"featured_media":0,"parent":0,"menu_order":0,"comment_status":"closed","ping_status":"closed","template":"","meta":{"footnotes":""},"class_list":["post-1317","page","type-page","status-publish","hentry"],"_links":{"self":[{"href":"https:\/\/ebralavi.com\/tusabogadoslaborales\/wp-json\/wp\/v2\/pages\/1317","targetHints":{"allow":["GET"]}}],"collection":[{"href":"https:\/\/ebralavi.com\/tusabogadoslaborales\/wp-json\/wp\/v2\/pages"}],"about":[{"href":"https:\/\/ebralavi.com\/tusabogadoslaborales\/wp-json\/wp\/v2\/types\/page"}],"author":[{"embeddable":true,"href":"https:\/\/ebralavi.com\/tusabogadoslaborales\/wp-json\/wp\/v2\/users\/1"}],"replies":[{"embeddable":true,"href":"https:\/\/ebralavi.com\/tusabogadoslaborales\/wp-json\/wp\/v2\/comments?post=1317"}],"version-history":[{"count":2,"href":"https:\/\/ebralavi.com\/tusabogadoslaborales\/wp-json\/wp\/v2\/pages\/1317\/revisions"}],"predecessor-version":[{"id":1573,"href":"https:\/\/ebralavi.com\/tusabogadoslaborales\/wp-json\/wp\/v2\/pages\/1317\/revisions\/1573"}],"wp:attachment":[{"href":"https:\/\/ebralavi.com\/tusabogadoslaborales\/wp-json\/wp\/v2\/media?parent=1317"}],"curies":[{"name":"wp","href":"https:\/\/api.w.org\/{rel}","templated":true}]}}