{"id":1125,"date":"2025-01-27T14:49:12","date_gmt":"2025-01-27T14:49:12","guid":{"rendered":"https:\/\/tusabogadoslaboral.com\/?page_id=1125"},"modified":"2025-04-29T15:36:22","modified_gmt":"2025-04-29T15:36:22","slug":"accident-at-work-how-to-file-a-claim","status":"publish","type":"page","link":"https:\/\/ebralavi.com\/tusabogadoslaborales\/accident-at-work-how-to-file-a-claim\/","title":{"rendered":"Accidente de trabajo: c\u00f3mo presentar una reclamaci\u00f3n"},"content":{"rendered":"<div class=\"dm-service-section \"><div class=\"dm-container\"><div class=\"dm-flex\">\n<div class=\"dm-full wow fadeInRight\">\n<p><strong>Accidente Laboral: C\u00f3mo Presentar una Reclamaci\u00f3n de Compensaci\u00f3n Laboral<\/strong><\/p>\n<p>Si sufri\u00f3 una lesi\u00f3n en un accidente laboral, es fundamental reportar el incidente lo antes posible. No notificar a su empleador a tiempo puede poner en riesgo sus posibilidades de recibir una compensaci\u00f3n o incluso deteriorar su relaci\u00f3n con \u00e9l. Reportar el accidente con prontitud tambi\u00e9n garantiza que su empleador est\u00e9 al tanto del incidente y que usted pueda acceder a la atenci\u00f3n m\u00e9dica necesaria para comenzar su recuperaci\u00f3n.<\/p>\n<p>Si usted o un ser querido ha sufrido una lesi\u00f3n laboral, podr\u00eda tener derecho a una compensaci\u00f3n. Proteja sus derechos y asegure la estabilidad financiera de su familia. Comience hoy mismo completando una evaluaci\u00f3n gratuita y sin riesgos con E&amp;L, LLP.<\/p>\n<p style=\"text-align: center;\"><b>Llame a nuestros abogados para una consulta gratuita y sin compromiso<\/b><\/p>\n<p style=\"text-align: center;\"><b>(213) 213-0000<\/b><\/p>\n<p><strong><b>C\u00f3mo presentar una reclamaci\u00f3n de indemnizaci\u00f3n laboral<\/b><\/strong><\/p>\n<p>Si sufri\u00f3 una lesi\u00f3n en el trabajo, su prioridad es cuidar su salud y buscar tratamiento m\u00e9dico. Sin embargo, deber\u00e1 presentar una reclamaci\u00f3n de indemnizaci\u00f3n laboral lo antes posible. Cuando un empleado sufre una lesi\u00f3n o enfermedad laboral, se deben seguir pasos espec\u00edficos para garantizar que la reclamaci\u00f3n se presente correctamente y se aprueben los beneficios.<\/p>\n<p>Reportar el incidente:<\/p>\n<p>Cada estado tiene plazos espec\u00edficos para reportar lesiones laborales. Retrasar este paso podr\u00eda resultar en la denegaci\u00f3n de su reclamaci\u00f3n. Informe a su empleador inmediatamente sobre el accidente, proporcionando detalles como la hora, la fecha y las circunstancias de la lesi\u00f3n. Su empleador generalmente se encarga de presentar la reclamaci\u00f3n de indemnizaci\u00f3n laboral ante su aseguradora, pero requerir\u00e1 su documentaci\u00f3n y pruebas para proceder.<\/p>\n<p>Documentar el incidente:<\/p>\n<p>Los empleados deben completar la documentaci\u00f3n que detalla la lesi\u00f3n, incluyendo d\u00f3nde y c\u00f3mo ocurri\u00f3. Las declaraciones de testigos pueden respaldar su caso. Esta documentaci\u00f3n se presenta a la compa\u00f1\u00eda de seguros de compensaci\u00f3n laboral y, en muchos estados, tambi\u00e9n se debe presentar un informe ante la junta estatal de compensaci\u00f3n laboral.<\/p>\n<p><strong><b>\u00bfQu\u00e9 sucede despu\u00e9s de presentar una reclamaci\u00f3n?<\/b><\/strong><\/p>\n<p>Una vez presentada la reclamaci\u00f3n, la compa\u00f1\u00eda de seguros revisar\u00e1 los detalles y decidir\u00e1 si la aprueba o la rechaza.<\/p>\n<ul>\n<li>Si se aprueba, podr\u00e1 comenzar a recibir beneficios como cobertura de facturas m\u00e9dicas, pagos por discapacidad y una parte de los salarios perdidos.<\/li>\n<li>Si se deniega, tiene derecho a apelar y buscar asistencia legal para reclamar su indemnizaci\u00f3n.<\/li>\n<\/ul>\n<p>Las compa\u00f1\u00edas de seguros suelen basar sus ofertas en la naturaleza y el alcance de las lesiones. Los trabajadores tienen la opci\u00f3n de aceptar estos pagos, negociar un acuerdo estructurado m\u00e1s alto o solicitar una suma global.<\/p>\n<p>Lesiones Laborales Comunes<\/p>\n<p>Las lesiones laborales pueden ocurrir en cualquier industria, pero son m\u00e1s comunes en trabajos de alto riesgo, como:<\/p>\n<ul>\n<li>Trabajadores de la construcci\u00f3n<\/li>\n<li>Le\u00f1adores<\/li>\n<li>Techadores<\/li>\n<li>Conductores de reparto<\/li>\n<li>Polic\u00edas<\/li>\n<li>Mec\u00e1nicos<\/li>\n<\/ul>\n<p>Algunas de las lesiones laborales m\u00e1s frecuentes incluyen:<\/p>\n<ul>\n<li>Lesiones por sobreesfuerzo<\/li>\n<li>Resbalones, tropiezos y ca\u00eddas<\/li>\n<li>Contacto con objetos o equipos<\/li>\n<li>Quemaduras y electrocuciones<\/li>\n<li>Fracturas de huesos<\/li>\n<\/ul>\n<p>En el caso de lesiones graves, los empleados pueden necesitar un tiempo de baja prolongado o no poder regresar a sus puestos anteriores. Los programas de rehabilitaci\u00f3n pueden ayudar a los trabajadores lesionados a adaptarse a nuevas carreras, pero el impacto de una lesi\u00f3n laboral suele cambiarles la vida.<\/p>\n<p style=\"text-align: center;\"><b>Llame a nuestros abogados para una consulta gratuita y sin compromiso<\/b><\/p>\n<p style=\"text-align: center;\"><b>(213) 213-0000<\/b><\/p>\n<p><b>C\u00f3mo entender las reclamaciones de compensaci\u00f3n laboral denegadas<\/b><\/p>\n<p>Enfrentar una reclamaci\u00f3n denegada puede ser desalentador, pero no es el final del camino. A continuaci\u00f3n, se presentan las razones comunes por las que se deniegan las reclamaciones y lo que puede hacer:<\/p>\n<p>1. No reportar la lesi\u00f3n a tiempo:<\/p>\n<p>La mayor\u00eda de los estados exigen que las lesiones se reporten en pocos d\u00edas, a menudo en un plazo m\u00e1ximo de 30 a 90 d\u00edas.<\/p>\n<p>Disputas laborales:<\/p>\n<p>Los empleadores pueden alegar que la lesi\u00f3n no ocurri\u00f3 durante el horario laboral o argumentar que una mala conducta, como estar bajo los efectos del alcohol o participar en juegos bruscos, caus\u00f3 el accidente.<\/p>\n<p>2. Reclamaciones no indemnizables:<\/p>\n<p>Algunas lesiones, como las relacionadas con el estr\u00e9s, podr\u00edan no calificar para la compensaci\u00f3n laboral en ciertos estados.<\/p>\n<p>3. Falta de tratamiento m\u00e9dico:<\/p>\n<p>Sin un historial m\u00e9dico adecuado, es dif\u00edcil demostrar la gravedad de sus lesiones.<\/p>\n<p>4. Evidencia insuficiente:<\/p>\n<p>Las denegaciones a menudo se deben a documentaci\u00f3n incompleta o inadecuada. Presentar pruebas s\u00f3lidas en su apelaci\u00f3n aumenta las probabilidades de \u00e9xito.<\/p>\n<p><b>Preguntas frecuentes<\/b><\/p>\n<p><b><b>\u00bfCu\u00e1ndo debo contratar a un abogado especializado en compensaci\u00f3n laboral?<\/b><\/b><\/p>\n<p>Es recomendable consultar con un abogado si su reclamaci\u00f3n ha sido denegada, se trata de una situaci\u00f3n compleja o si est\u00e1 en el proceso de apelaci\u00f3n.<\/p>\n<p><b><b>\u00bfQu\u00e9 beneficios puedo recibir a trav\u00e9s de la compensaci\u00f3n laboral? Los beneficios de compensaci\u00f3n laboral pueden incluir:<\/b><\/b><\/p>\n<p>Los beneficios de compensaci\u00f3n laboral pueden incluir:<\/p>\n<p>Beneficios por incapacidad temporal (normalmente dos tercios de su salario)<\/p>\n<p>Beneficios por incapacidad parcial permanente por lesiones persistentes<\/p>\n<p>Costos de tratamiento m\u00e9dico y rehabilitaci\u00f3n<\/p>\n<p>Capacitaci\u00f3n vocacional si no puede regresar a su trabajo anterior<\/p>\n<p>La duraci\u00f3n y el monto de los beneficios dependen de la gravedad de su lesi\u00f3n.<\/p>\n<p>Obtenga ayuda de E&amp;L, LLP<\/p>\n<p>Si sufri\u00f3 una lesi\u00f3n laboral, no se dedique solo al proceso de reclamaci\u00f3n. Deje que los abogados con experiencia de E&amp;L, LLP le ayuden a obtener la compensaci\u00f3n que merece.<\/p>\n<p style=\"text-align: center;\"><b>LLAME A NUESTROS ABOGADOS PARA UNA CONSULTA GRATUITA Y SIN COMPROMISO<br \/>\n(213) 213-0000<\/b><\/p>\n<p style=\"text-align: center;\"><b>NO COBRAMOS HASTA QUE USTED LO HAGA. ESA ES NUESTRA GARANT\u00cdA.<\/b><\/p>\n<\/div>\n<\/div><\/div><\/div>\n","protected":false},"excerpt":{"rendered":"","protected":false},"author":1,"featured_media":0,"parent":0,"menu_order":0,"comment_status":"closed","ping_status":"closed","template":"","meta":{"footnotes":""},"class_list":["post-1125","page","type-page","status-publish","hentry"],"_links":{"self":[{"href":"https:\/\/ebralavi.com\/tusabogadoslaborales\/wp-json\/wp\/v2\/pages\/1125","targetHints":{"allow":["GET"]}}],"collection":[{"href":"https:\/\/ebralavi.com\/tusabogadoslaborales\/wp-json\/wp\/v2\/pages"}],"about":[{"href":"https:\/\/ebralavi.com\/tusabogadoslaborales\/wp-json\/wp\/v2\/types\/page"}],"author":[{"embeddable":true,"href":"https:\/\/ebralavi.com\/tusabogadoslaborales\/wp-json\/wp\/v2\/users\/1"}],"replies":[{"embeddable":true,"href":"https:\/\/ebralavi.com\/tusabogadoslaborales\/wp-json\/wp\/v2\/comments?post=1125"}],"version-history":[{"count":5,"href":"https:\/\/ebralavi.com\/tusabogadoslaborales\/wp-json\/wp\/v2\/pages\/1125\/revisions"}],"predecessor-version":[{"id":1526,"href":"https:\/\/ebralavi.com\/tusabogadoslaborales\/wp-json\/wp\/v2\/pages\/1125\/revisions\/1526"}],"wp:attachment":[{"href":"https:\/\/ebralavi.com\/tusabogadoslaborales\/wp-json\/wp\/v2\/media?parent=1125"}],"curies":[{"name":"wp","href":"https:\/\/api.w.org\/{rel}","templated":true}]}}